e 15, what is -1aea36e + 0?
-1aea36e
In base 7, what is 112233534 - -1?
112233535
In base 3, what is -10 + -1221220201021?
-1221220201101
In base 13, what is a + 1840993?
18409a0
In base 3, what is 221020111221011 + 122?
221020111221210
In base 5, what is -131 + 11124004332?
11124004201
In base 16, what is 2caf + 331?
2fe0
In base 4, what is -13003 - -20201111?
20122102
In base 10, what is 4847256 - -12?
4847268
In base 4, what is -322201312032 - 0?
-322201312032
In base 16, what is -32772c + 19?
-327713
In base 13, what is 5a6ba26 + -39?
5a6b9ba
In base 13, what is -146bc729 + -2?
-146bc72b
In base 4, what is -1211 + 1121000203?
1120332332
In base 11, what is 189 - -81745?
81923
In base 11, what is -192 - 1061645?
-1061827
In base 13, what is -227250 + 59?
-2271c4
In base 2, what is 1010101000100 + 10001001110?
1100110010010
In base 16, what is -1 - -3e587bd?
3e587bc
In base 15, what is 59 + -280a37?
-2809cd
In base 9, what is -387312 + -138?
-387451
In base 3, what is 210 - 2221202221?
-2221202011
In base 16, what is 15a90 + -2e?
15a62
In base 13, what is -15aa243 - -4?
-15aa23c
In base 11, what is 52 + 104a954?
104a9a6
In base 16, what is 343a156 - 0?
343a156
In base 12, what is -346699 + 5?
-346694
In base 9, what is -33377 - -50315?
15827
In base 14, what is 3 + 196a75?
196a78
In base 3, what is -20101212 - 222?
-20102211
In base 2, what is 10110101100101000 + 11001010?
10110101111110010
In base 4, what is 2 - -103021113232221?
103021113232223
In base 10, what is 297723 - 370?
297353
In base 3, what is -1202 + -12220021021212?
-12220021100121
In base 3, what is 1202010101001111211 - -10?
1202010101001111221
In base 16, what is -3 + -2e3941?
-2e3944
In base 11, what is -1552362 + 1?
-1552361
In base 3, what is 12 + -21202020220100?
-21202020220011
In base 4, what is -11222 - 20300323?
-20312211
In base 13, what is 1 + -22010aab?
-22010aaa
In base 2, what is -10000100 - 11011101010100000?
-11011101100100100
In base 6, what is -12304533 + 52?
-12304441
In base 5, what is -1 - 1332321132?
-1332321133
In base 7, what is 1356465 - 45?
1356420
In base 7, what is -21460215 + -3?
-21460221
In base 14, what is 89 + -16d935?
-16d88a
In base 8, what is 650 - -20614?
21464
In base 7, what is -313604 - 50121?
-364025
In base 9, what is 138657 - -16?
138674
In base 13, what is 56 + cccc8?
100051
In base 14, what is -1432 - -30397?
2cd65
In base 8, what is 2102 - -253403?
255505
In base 4, what is 3 + 101020011031?
101020011100
In base 11, what is 337a - -38305?
40684
In base 11, what is -5 + 32a0a7?
32a0a2
In base 3, what is -101012101021222 + 0?
-101012101021222
In base 13, what is -37b42a + -11?
-37b43b
In base 15, what is 1922e + b28?
19d57
In base 10, what is -54 + -762078?
-762132
In base 14, what is -517c232 + 1?
-517c231
In base 10, what is 27 + -185963?
-185936
In base 3, what is 20202120210111112 + -10?
20202120210111102
In base 6, what is -34033211 + 253?
-34032514
In base 8, what is 4 + 7163273?
7163277
In base 14, what is -a226 + 1556?
-8ab0
In base 4, what is -1 - -31111031011312?
31111031011311
In base 4, what is -3032 + -10032310?
-10102002
In base 3, what is -11100002021211 - -121?
-11100002021020
In base 12, what is 39 - -23994a?
239987
In base 3, what is 10 - -1202100221112?
1202100221122
In base 14, what is -3 - -3446c4?
3446c1
In base 10, what is -437 - -15355?
14918
In base 5, what is -2023133030 + -4?
-2023133034
In base 8, what is 41 + 356547?
356610
In base 11, what is -54a084 - 226?
-54a2aa
In base 5, what is 31201244 + -123?
31201121
In base 9, what is -433 - -1038402?
1037858
In base 12, what is 16 + -37b75?
-37b5b
In base 2, what is 1 + -11010001010001111001001001?
-11010001010001111001001000
In base 4, what is -1310311002231 - -10?
-1310311002221
In base 7, what is 402550 - -553?
403433
In base 13, what is -6006 + -7?
-6010
In base 5, what is -3131444230 - 0?
-3131444230
In base 11, what is -1826 + 2390?
665
In base 12, what is ba1 + -5046?
-4065
In base 13, what is 7270a616 + 3?
7270a619
In base 6, what is 11535 + 533230?
545205
In base 8, what is 66547262 - -54?
66547336
In base 5, what is 3113042101 - -1?
3113042102
In base 12, what is b + -156349?
-15633a
In base 14, what is -2541 + 185?
-239a
In base 10, what is -231098 - -60?
-231038
In base 12, what is -15235 - -80b5?
-9140
In base 12, what is 37 + -2b173?
-2b138
In base 15, what is -14b6 + -2b19?
-40d0
In base 16, what is -1357 + -775f?
-8ab6
In base 12, what is a1567 + -8?
a155b
In base 5, what is 133423 - -244213?
433141
In base 14, what is -3 - 2202a6dc?
-2202a701
In base 15, what is -239b57 + -21?
-239b78
In base 5, what is -214424 - 12104?
-232033
In base 10, what is -10815778 - 6?
-10815784
In base 3, what is 2112021020220022020 + -11?
2112021020220022002
In base 5, what is -22413120014 - -24?
-22413114440
In base 9, what is 615 - 2074?
-1358
In base 14, what is 89 + 19b90?
19c39
In base 15, what is -190 - -bca2?
bb12
In base 11, what is 23 - 10410240?
-10410218
In base 6, what is -40350453 - -405?
-40350044
In base 7, what is 30 - -365060035?
365060065
In base 13, what is -b423 - -cc5?
-a42b
In base 9, what is 50 + -420328?
-420268
In base 13, what is -3 + -37ca34c?
-37ca352
In base 6, what is -400255132 + 53?
-400255035
In base 12, what is -11a2a68 + -3?
-11a2a6b
In base 6, what is -5 - 42500405?
-42500414
In base 2, what is 1010000111110011 - 1110111101?
1001111000110110
In base 15, what is 52e85 + 65?
52eea
In base 3, what is -2102000211 + -222021?
-2110000002
In base 13, what is 1956 + 8531?
a187
In base 6, what is 1000153 - -514?
1001111
In base 2, what is -1111110000 - 101000101?
-10100110101
In base 13, what is 18 + c550?
c568
In base 11, what is 18958 + -9a?
18869
In base 11, what is 8605003 + 0?
8605003
In base 2, what is -10 + 110111011111010100010110000?
110111011111010100010101110
In base 4, what is -2031333110 + -103101?
-2032102211
In base 10, what is 187 - 292640?
-292453
In base 2, what is 10111110001010110001010010101 + -1?
10111110001010110001010010100
In base 2, what is 1100001001101111111101011 - 1?
1100001001101111111101010
In base 5, what is -20404233 + -2400?
-20412133
In base 16, what is 191e15 - -1d?
191e32
In base 15, what is 77b0e08 - 5?
77b0e03
In base 14, what is -736868 + -2?
-73686a
In base 7, what is -335053256 + -23?
-335053312
In base 12, what is -2044aa - 53?
-204541
In base 3, what is -11 + 101021112212201110?
101021112212201022
In base 5, what is -22340 + 10044?
-12241
In base 16, what is -f + -3654d5?
-3654e4
In base 6, what is 212 + 1450504?
1451120
In base 11, what is -16 + 390803?
390798
In base 10, what is 1999712 + 125?
1999837
In base 11, what is -49 - 4526730?
-4526779
In base 6, what is 12122522 + 4?
12122530
In base 14, what is -21162c3 + 1?
-21162c2
In base 8, what is 443425 + 3557?
447204
In base 2, what is 101 + 100010001001010000010?
100010001001010000111
In base 7, what is -242464 - 322?
-243116
In base 15, what is -4 - -11b6e69b?
11b6e697
In base 4, what is 320 + 122132030232?
122132031212
In base 14, what is -111a + 6ad9?
59bd
In base 4, what is -3310231000 - -132?
-3310230202
In base 13, what is -2 + 51518c?
51518a
In base 10, what is -4 + 5458934?
5458930
In base 11, what is -29 - -3120?
30a2
In base 4, what is 11300202121 - -1000?
11300203121
In base 16, what is 19af + b4?
1a63
In base 8, what is -165774715 - -4?
-165774711
In base 6, what is -54021 + 225122?
131101
In base 4, what is 1002230031311 + 21?
1002230031332
In base 15, what is -2b149a9d - 4?
-2b149aa2
In base 2, what is -1011000011101000001 - 11000001?
-1011000100000000010
In base 6, what is 3342024522 - -5?
3342024531
In base 12, what is 5 - -39941b?
399424
In base 5, what is -13301403 - 123?
-13302031
In base 15, what is -5 + -4456012?
-4456017
In base 10, what is -129 + -689125?
-689254
In base 14, what is -195543a0 - -5?
-19554399
In base 12, what is -682 - -12418?
11956
In base 6, what is -14342322 - 1034?
-14343400
In base 16, what is -41b7 + -bc3?
-4d7a
In base 7, what is -632650341 + 1?
-632650340
In base 4, what is 103222311 - -2312?
103231223
In base 10, what is -637765 - -38?
-637727
In base 5, what is 144014 - -230030?
424044
In base 12, what is -1 - -310b90a?
310b909
In base 14, what is -16467069 - -4?
-16467065
In base 16, w